{"id":10002177,"date":"2025-06-18T15:35:17","date_gmt":"2025-06-18T18:35:17","guid":{"rendered":"https:\/\/dsenb.ca\/?post_type=tribe_events&#038;p=6984"},"modified":"2025-06-18T15:35:17","modified_gmt":"2025-06-18T18:35:17","slug":"spectacle-le-cabaret-a-maggie-et-melodie","status":"publish","type":"tribe_events","link":"https:\/\/dsenb.ca\/fr\/event\/spectacle-le-cabaret-a-maggie-et-melodie\/2025-08-23\/","title":{"rendered":"spectacle-le cabaret \u00e0 Maggie et M\u00e9lodie"},"content":{"rendered":"<p><strong>\u00c9dition 2025 !<\/strong> le cabaret \u00e0 Maggie et M\u00e9lodie est de retouravec quelques nouveaut\u00e9s. Une rumeur circule : il para\u00eetrait qu'une des plus grandes chanteuses country de tous les temps ferait partie de la version r\u00e9vis\u00e9e de Maggie !<\/p>","protected":false},"excerpt":{"rendered":"<p>\u00c9dition 2025! le cabaret \u00e0 Maggie et M\u00e9lodie est de retouravec quelques nouveaut\u00e9s. Une rumeur circule: il para\u00eetrait qu&#8217;une des plus grandes chanteuses country de tous les temps ferait partie [&hellip;]<\/p>\n","protected":false},"author":220940507,"featured_media":0,"template":"","meta":{"_crdt_document":"","_tribe_events_status":"","_tribe_events_status_reason":"","_tribe_events_is_hybrid":"","_tribe_events_is_virtual":"","_tribe_events_virtual_video_source":"","_tribe_events_virtual_embed_video":"","_tribe_events_virtual_linked_button_text":"","_tribe_events_virtual_linked_button":"","_tribe_events_virtual_show_embed_at":"","_tribe_events_virtual_show_embed_to":[],"_tribe_events_virtual_show_on_event":"","_tribe_events_virtual_show_on_views":"","_tribe_events_virtual_url":"","footnotes":""},"tags":[],"tribe_events_cat":[1736,1710],"class_list":["post-10002177","tribe_events","type-tribe_events","status-publish","hentry","tribe_events_cat-entertainment","tribe_events_cat-theatre","cat_entertainment","cat_theatre","tribe-recurring-event","tribe-recurring-event-parent"],"aioseo_notices":[],"jetpack_likes_enabled":true,"jetpack_sharing_enabled":true,"acf":[],"_links":{"self":[{"href":"https:\/\/dsenb.ca\/fr\/wp-json\/wp\/v2\/tribe_events\/10002177","targetHints":{"allow":["GET"]}}],"collection":[{"href":"https:\/\/dsenb.ca\/fr\/wp-json\/wp\/v2\/tribe_events"}],"about":[{"href":"https:\/\/dsenb.ca\/fr\/wp-json\/wp\/v2\/types\/tribe_events"}],"author":[{"embeddable":true,"href":"https:\/\/dsenb.ca\/fr\/wp-json\/wp\/v2\/users\/220940507"}],"version-history":[{"count":0,"href":"https:\/\/dsenb.ca\/fr\/wp-json\/wp\/v2\/tribe_events\/10002177\/revisions"}],"wp:attachment":[{"href":"https:\/\/dsenb.ca\/fr\/wp-json\/wp\/v2\/media?parent=10002177"}],"wp:term":[{"taxonomy":"post_tag","embeddable":true,"href":"https:\/\/dsenb.ca\/fr\/wp-json\/wp\/v2\/tags?post=10002177"},{"taxonomy":"tribe_events_cat","embeddable":true,"href":"https:\/\/dsenb.ca\/fr\/wp-json\/wp\/v2\/tribe_events_cat?post=10002177"}],"curies":[{"name":"wp","href":"https:\/\/api.w.org\/{rel}","templated":true}]}}

spectacle-le cabaret à Maggie et Mélodie

<p><strong>Édition 2025 !</strong> le cabaret à Maggie et Mélodie est de retouravec quelques nouveautés. Une rumeur circule : il paraîtrait qu'une des plus grandes chanteuses country de tous les temps ferait partie de la version révisée de Maggie !</p>

<p>Édition 2025! le cabaret à Maggie et Mélodie est de retouravec quelques nouveautés. Une rumeur circule: il paraîtrait qu&#8217;une des plus grandes chanteuses country de tous les temps ferait partie [&hellip;]</p>
